2 - 78. Suppose -70 = t*l - 66. Let y be (l - 0)/3*-9 - 4. What is h(y)?
1
Let z(n) = -1. Let l(u) = -6*u - 8. Let a(r) = l(r) - 6*z(r). Suppose 84 = 708*q - 694*q. Calculate a(q).
-38
Let n(a) = -2*a**3 - a**2 + 2*a + 12. Let k(q) = 3*q**3 - 30*q - 3. Let l(s) = k(s) + n(s). Calculate l(-5).
-1
Let p(o) be the third derivative of -o**4/6 + 20*o**3 - 25*o**2 + 4*o. Determine p(33).
-12
Let d(t) = t**3 - 3*t**2 - 4*t + 3. Let r(z) = 6 - 5*z + 5 + 7*z. Suppose -6*b = -b + 20. Let q be r(b). Determine d(q).
-9
Let n = -11911 + 11919. Let w(u) be the first derivative of -n - 2*u**3 + 0*u - 1/4*u**4 - 2*u**2. Give w(-3).
-15
Let a(b) = b - 7. Let o be (-1 + 1 + -1)*33/(-11). Suppose 5*n + 3*i = 80, -6*i + o*i = 0. Suppose v + v = n. Give a(v).
1
Let l be 4/11 + (-1846)/781. Let a(q) = -2*q**3 + 4*q**2 + 6*q + 3. What is a(l)?
23
Let a = 312 - 301. Suppose a*n - 40 = -18. Let g(f) = -4*f**2 - 3*f + 3. Calculate g(n).
-19
Let z(o) = 28*o - 6*o + 8*o**3 + o**3 - 20*o**2 - 21 + 61*o**2 - 11*o**3. Give z(21).
0
Let t(k) = -k**2 + k - 2. Let w = -3 + -3. Let s be (2/(-6))/(w/90). Suppose -s*m = -m. What is t(m)?
-2
Let n(v) = -3*v - 4. Let k be n(4). Let i be (-8)/(-2)*8/k. Let m(f) = 4*f**2 - 2*f + 1. Give m(i).
21
Let d(v) = -11*v + 260. Let c be d(24). Let j(h) be the third derivative of -h**5/60 - h**4/8 + h**3/2 + 22*h**2. Calculate j(c).
-1
Let k(w) = 40*w**2 - 4*w - 3. Suppose 25*m = -20 + 11 - 16. What is k(m)?
41
Let t(g) = -g**3 + 8*g**2 - 2*g + 3. Let s(b) = 2*b**2 + 13*b - 45. Let v be s(-9). Suppose v = 25*y - 7*y - 144. Give t(y).
-13
Let o(q) = q**2 - 11*q + 21. Let s = -19839 - -19845. Give o(s).
-9
Let x be -4 + 3 + 10 - (10 + -8). Let f(r) = r**3 - 5*r**2 - 11*r + 9. Calculate f(x).
30
Let t(w) = -4*w**3 - 346*w**2 + 175*w + 105. Let x be t(-87). Let c(a) = -2*a + 16. Calculate c(x).
-20
Let v(u) = -u**3 + 4*u**2 + 8*u - 32. Let q(n) = n**3 + 4*n**2 - 52*n + 85. Let i be q(4). What is v(i)?
-17
Let z(o) = 7*o**2 + 15*o - 43. Let n be z(11). Let g = n + -967. Let i(s) = s**2 - 2*s**3 + s + 2 - s**2. Give i(g).
-12
Let n(g) be the third derivative of 0*g + 3 + 1/120*g**6 + 0*g**3 + 1/12*g**4 - 30*g**2 + 1/12*g**5. Let l = 0 - 4. Determine n(l).
8
Let u(l) be the first derivative of -l**4/4 + 8*l**3/3 - 13*l**2/2 + 13*l - 735. What is u(6)?
7
Let h(w) be the first derivative of w**4/4 + 13*w**3/3 - w**2 - 19*w + 2. Let t be 0 - 0 - 19/(190/50) - 8. What is h(t)?
7
Suppose -16 + 7 = -3*b. Suppose 0 = b*y - 5*y. Let r(m) be the first derivative of -m**3/3 + 13*m + 19. Determine r(y).
13
Let v(u) = -2*u**2 - 1. Let i be v(-1). Let o(t) = -2*t**2 - 3 + 6*t**2 - 2*t + 5*t. Let h(x) = x**2 - 1. Let g(r) = i*h(r) + o(r). Calculate g(-2).
-2
Let o(h) = 3*h + 8. Suppose 6*q - 4 = -4. What is o(q)?
8
Let b(t) = 2*t**3 - 4*t**2 + 4*t. Let a be (-4 - 28/(-8))/((-16)/192). Suppose 5*r - s = 12, 10*r + 5*s - 27 = a*r. What is b(r)?
30
Let w(k) = -2*k - 1. Suppose 2*v = -0*v - 16. Let h be (-7)/((-14)/v)*(-1)/1. Suppose h*g = -18 - 2. Calculate w(g).
9
Let b(p) be the third derivative of p**5/60 + 5*p**4/24 - p**3 - 3*p**2. Suppose w - 26 = -2*n, -4*w - 3*n = -33 - 51. Suppose -2*x + 6 - w = 0. Give b(x).
0
Suppose 0 = 4*f - 6*f + 6. Let j(o) = 6 + 6*o**2 - 8*o + 0*o**3 + 2*o**f - o**3. Suppose -c - 27 = 4*x, 4*x + 2*c = 13 - 39. What is j(x)?
13
Suppose 0 = h - 0*h. Let n(d) = -2*d + 19. Let l(c) = -c + 9. Suppose -5*b + 25 = -5*p, -5*b + 4*p = -0*b - 24. Let v(r) = b*n(r) - 7*l(r). Calculate v(h).
13
Let o be 1/6 + (-93)/18. Let c(p) = -2*p**2 + 2*p - 9. Let k(z) be the first derivative of -z**3/3 + z**2/2 - 4*z - 6. Let n(q) = o*k(q) + 2*c(q). Give n(-3).
14
Let b(a) be the first derivative of 1/60*a**5 - 11 - 1/3*a**3 - 7*a**2 + 1/4*a**4 + 0*a. Let k(x) be the second derivative of b(x). Give k(-6).
-2
Let a be (-4)/(-1) - (-4 + 0 + 6). Let v(w) = 4*w**2 + 9861 - 4*w - 9863 - 8*w**a. Give v(-2).
-10
Suppose 0 = y - b, 0 = -y + 5*b - 13 - 3. Suppose -11046 = -2*t + y*x, x + 27622 = 5*t - 2*x. Let w(c) = 1 + 5524*c**2 + 2 - t*c**2 + 0 + 2*c. Calculate w(3).
0
Suppose -96 - 298 = -u + 5*s, 3*u = 5*s + 1182. Let k = u + -396. Let o(g) = 5*g + 7. Give o(k).
-3
Suppose n + 4*q + 9 = 0, -238 + 276 = -3*n - q. Let p(y) = -2*y - 4. Determine p(n).
22
Let m(x) = -137*x**2 + 62*x - 81. Let a(v) = -25*v**2 + 12*v - 16. Let t(b) = 11*a(b) - 2*m(b). Give t(4).
2
Let y(a) = a**2 - 2*a + 6. Let h(l) = l**3 - 4*l**2 - 5*l + 6. Let z be h(5). Suppose -3*d + 4*n - 16 = 0, 20 = -z*d + 2*d + 5*n. Give y(d).
6
Let n be ((-30)/(-45))/((-2)/108*-2). Suppose 0 = 13*c - n*c + 30. Let v(s) = -s**3 + 5*s**2 + 9*s - 7. Determine v(c).
11
Let g = -9 + 18. Let q(v) = 1201 + g*v**2 + 7*v + v - 1203 + v**3. What is q(-8)?
-2
Let o(u) be the second derivative of 59*u + u**2 - 1/6*u**4 + 1 + 2/3*u**3. Calculate o(4).
-14
Let y be ((-12)/10)/((-18)/120). Let x be -8 + y - (1 + 2)*2. Let r(h) be the second derivative of -h**5/20 - h**4/2 - h**3/6 + 3*h**2/2 + h. Give r(x).
9
Suppose -36*j + 8 = -32*j, -j - 12 = -2*z. Let c(t) = t**3 - 6*t**2 - 9*t - 1. Determine c(z).
-15
Let g(s) = 15 - 22*s + 4*s + 0*s + 108 + 9*s. Calculate g(15).
-12
Suppose -5*m = 4*m + 72. Let u = m - -11. Suppose 3*h + c - u = 4*h, -2*c = 0. Let w(j) = -j**3 - 3*j**2 + 2*j - 1. What is w(h)?
-7
Let b(r) be the first derivative of -r**3/3 - 19*r**2/2 + 88*r - 8551. Calculate b(-23).
-4
Let z(v) be the first derivative of -v**3/3 + 7*v**2 + 18*v + 548. Calculate z(15).
3
Let w(l) = 1 - 2 - 3*l - l**2 + 4. Suppose 3*v + 4*s = 21, v + s = 28 - 22. Suppose -12*g + 5 = b - 13*g, 4*b = v*g + 17. Calculate w(b).
-7
Suppose 1841*v - 1853*v + 108 = 0. Let q(b) = -2*b**3 + 17*b**2 + 12*b - 30. Calculate q(v).
-3
Let t(u) = -4*u**3 + 14*u**2 + 5*u + 12. Suppose 14*y = -90 + 20. Let r(c) = 5*c**3 - 15*c**2 - 4*c - 13. Let j(o) = y*r(o) - 6*t(o). Determine j(-8).
9
Let f(g) = g**2 + 6*g + 5. Let w be f(-6). Suppose 5*k = -4*o - w, -6*k + 4*k - 4*o + 10 = 0. Let i(y) = 5 - 340*y - 313*y - 343*y + 997*y. Give i(k).
0
Let t be (60/(-35))/((-6)/21). Suppose 22 = t*w - 2. Suppose -3*o - k - 8 = 12, -w*o - 2*k - 30 = 0. Let i(q) = -q**2 - 8*q - 2. Determine i(o).
13
Suppose -2 = d - 4, -2*j + 28 = -3*d. Let z(k) = -4*k + 30. Calculate z(j).
-38
Let k(w) = -w**2 + 2. Let j(s) be the third derivative of s**4/12 + s**3/3 - 7*s**2. Let i be j(3). Let o be 12/9 + i/(-6). Determine k(o).
2
Let j(f) be the second derivative of 5*f**3/2 - f. Let a = -878200 + 878201. Calculate j(a).
15
Let b(a) be the first derivative of a**4/4 - 7*a**3/3 - 5*a**2 + a - 126. Let y(g) = -3*g - 49. Let p be y(-19). Calculate b(p).
-15
Let i(j) be the second derivative of j**3/6 + 9*j**2/2 + 12*j. Let g be i(-7). Let o(f) = 2 + 8*f**2 - 6*f**g + 1 + 7*f. Calculate o(-5).
18
Suppose -7 = -42*c + 40*c + 17. Let b(h) = -2*h**2 + 28*h - 56. Calculate b(c).
-8
Let s(f) = -2*f + 197. Let z(l) = -l**3 - 3*l + 198. Let q(a) = 4*s(a) - 3*z(a). Let i(y) be the first derivative of q(y). What is i(-1)?
10
Let d(k) = 3*k**2 + 45*k - 54. Let j(y) = -4*y**2 - 65*y + 81. Let s(f) = -7*d(f) - 5*j(f). Give s(5).
-2
Let w be (-1 - 63/(-12)) + 6/(-24). Suppose 15*d - 19*d = w. Let r(v) = -11*v**3 - v**2. Give r(d).
10
Let j(y) = 7*y**3 - 9*y**2 - 2*y + 11. Let g(x) = -5*x**3 + 6*x**2 + 2*x - 10. Let i(c) = 4*g(c) + 3*j(c). Let b = -4 - -7. What is i(b)?
-1
Let g be (-1)/3*3*(1 + -5). Suppose -5*m - 5*f = -2*f + 19, 4*f = g*m - 4. Let p(h) = 3*h - 2. What is p(m)?
-8
Suppose 1422*r - 1461*r = -117. Let c(i) = 2*i**2 - 2*i + 16. Determine c(r).
28
Let y(g) be the third derivative of 1/12*g**4 + 9*g**2 + 0*g + 2/3*g**3 + 0. What is y(-4)?
-4
Suppose -84*o = 56*o + 32*o - 1376. Let y(j) = 2*j**2 - 16*j + 16. Calculate y(o).
16
Let g(k) = k**2 + 15*k + 12. Suppose -42*u + 993 = -1107. Suppose -44 = 2*q - 5*o + 4, -5*o = 5*q + u. What is g(q)?
-2
Let o(u) = -u**2 + 6*u - 5. Let y be o(4). Let g(h) = -h**y + 18*h**2 - 17*h**2 + 6*h**2 - 2. Give g(6).
34
Let n(i) = -i**2 + 3*i + 6. Let p be (-1)/((5/20)/(-1)). Let u be ((-5)/((-10)/p))/(1/(-2)). Let o be ((-7)/u)/((-8)/(-32)). Calculate n(o).
-22
Suppose 0 = 361*i - 3075 + 187 - 3971. Let s(h) = -4*h + 67. Give s(i).
-9
Let u(r) = -29*r + 1. Let g(s) = 2*s**2 - s - 1. Let i be g(-1). Let d be (i/6)/((-2)/6). What is u(d)?
30
Suppose 